 h?
20
Let o be 1/((2 - 1)/4). Suppose -o*m = -m - 330. What is the highest common factor of m and 10?
10
Let r = -201 + 261. Calculate the highest common factor of 330 and r.
30
Suppose 95*h - 96*h + 196 = 4*f, -5*f = 4*h - 773. Calculate the highest common factor of 48 and h.
48
Let g(b) = b**2 + b - 1. Let y be g(0). Let m(d) = -10*d + 1. Let j be m(y). Let l be (-20)/(-30)*9/6. Calculate the greatest common factor of j and l.
1
Suppose -202 = -30*z + 368. What is the highest common factor of 1 and z?
1
Suppose 281 = -3*u - 238. Let y be (-3)/5 + u/(-5). Let h be (-170)/(2/(-1)) + 0. What is the greatest common factor of h and y?
17
Let y(u) = 20*u + 40. Let k be y(-7). Let r = -89 - k. Calculate the greatest common divisor of 22 and r.
11
Suppose 4*x - 3*b - 485 = -4*b, 4*x + 4*b = 476. Let m = x - 327. Let i = m - -380. What is the highest common factor of 25 and i?
25
Suppose 0 = 2*k - k - 20. Suppose 0 = 8*o - 13*o + k. Suppose 2*d - o = -2*d. What is the highest common divisor of 11 and d?
1
Let h(z) = -7*z**3 + z**2 + 3*z**3 + 2 - 1 - 4*z**3 + 2*z. Let v be h(-1). Let y(d) = 7*d + 2. Let m be y(2). What is the greatest common factor of v and m?
8
Let y = 14 - 13. Let p be y - (0 + (-26)/2). Let o(l) = -22*l - 28. Let q be o(-7). What is the greatest common factor of q and p?
14
Let g(i) = -38*i**3 - i**2 - i - 2. Let n be g(-1). What is the highest common divisor of 54 and n?
18
Let v(z) = z**2 - 2*z + 3. Let k be v(2). Let d be (k - 15)/(3/(-36)). Let n be (-1536)/(-84) + 4/(-14). What is the highest common factor of d and n?
18
Let v = -11 + -8. Let b = v + 35. Suppose -2*f = -0*f - b. What is the highest common factor of 88 and f?
8
Let s be 2/(2/80 + 0). What is the highest common factor of 60 and s?
20
Suppose -g + 1182 = y, 0 = -3*y + 2*g + 3443 + 113. Calculate the highest common factor of 37 and y.
37
Suppose 0 = 3*r - 3*c + 5*c - 279, -5*r + 443 = -4*c. Let s = -22 - -29. What is the greatest common divisor of r and s?
7
Let z(x) = x**3 + 9*x**2 + 13*x + 1. Let v be z(-2). What is the highest common divisor of 3 and v?
3
Let j(t) = t**2 - 9*t + 14. Let o be j(10). Suppose -3*k - 22 = -28. What is the greatest common factor of k and o?
2
Suppose 0 = -5*m - n - 150, -3*m - 3*n - 81 = 21. Let p be (-10 + 13)*(-14)/6. Let k = p - m. What is the highest common divisor of 66 and k?
22
Let x = 188 + -185. What is the highest common divisor of 16 and x?
1
Let y = -695 + 706. Let u be ((-18)/4)/3*-66. Calculate the greatest common divisor of u and y.
11
Let r be 1747/4 + 51/(-68). What is the highest common divisor of r and 12?
4
Suppose 2*q - 31 = -3*m - 6, -5*q + 3*m + 31 = 0. Let w be ((-44)/(-10))/(q/40). Let o = 35 - w. What is the greatest common divisor of o and 26?
13
Suppose 2 = 2*g - 0*c + 4*c, -3 = -3*g + 3*c. Suppose t + g - 10 = 0. Calculate the highest common divisor of t and 36.
9
Let z = -10 - -10. Suppose z = -27*a + 24*a + 66. What is the highest common factor of a and 121?
11
Suppose 2*s = -2*d - 0*d + 98, 4*s + 80 = 2*d. Let f be d + -17 + 2 + 1. What is the highest common divisor of 224 and f?
32
Let y(b) = b + 5. Let o be -1 + (-2)/(-2) + 7. Let z be y(o). Suppose 12 + 0 = q. Calculate the highest common divisor of q and z.
12
Let a be 724/9 - (-4)/(-9). Calculate the greatest common divisor of a and 400.
80
Let s = -292 - -309. Calculate the highest common factor of s and 476.
17
Let b(v) = -3*v + 13. Let i be b(-6). Let l = 34 + i. Let x = 41 + -15. Calculate the greatest common divisor of x and l.
13
Let o = 115 + -98. Calculate the highest common factor of o and 17.
17
Let v = 346 - 241. Suppose 50*k - 38*k = 180. What is the greatest common divisor of k and v?
15
Suppose -35*q + 946 = -24*q. What is the highest common factor of q and 258?
86
Suppose h = -h + 160. Let z(y) = 44*y**2 + 3*y + h*y**2 - 5*y. Let k be z(-1). Calculate the greatest common divisor of k and 14.
14
Suppose 2*x - 107 = -x + 2*b, -3*x + 83 = 4*b. Let h be 13/(26/324) - -3. Calculate the highest common factor of h and x.
33
Let q(k) = -81*k - 275. Let y be q(-4). Let c(z) = z**2 - 2. Let s be c(3). Calculate the greatest common divisor of s and y.
7
Let m(f) = -22*f + 206. Let a be m(8). What is the greatest common divisor of 20 and a?
10
Let n(p) = 39*p + 52. Let c be n(1). What is the highest common divisor of c and 104?
13
Let n(p) = -p**2 - p + 10. Let v be n(-9). Let i(k) = 3*k**2 - 3*k - 2. Let o be i(-5). Let c = v + o. Calculate the greatest common factor of 39 and c.
13
Let u be (-27712)/(-144) + 12/(-27). What is the highest common factor of u and 18?
6
Suppose 5*c = -3*w + 8, 2*w + 2*w + c + 12 = 0. Let v be w/(2 + -2 + -2). Suppose 6*z - v*z - 216 = 0. Calculate the greatest common factor of z and 36.
18
Let c be 43/((9/15)/3). Let m = c - 127. What is the greatest common factor of 8 and m?
8
Let k = 9 - 23. Let w be (495 + 1)*(-7)/k. Calculate the greatest common divisor of w and 31.
31
Let u = -1382 - -1590. Calculate the greatest common divisor of u and 468.
52
Let z = -659 - -684. Suppose -5*y - 29 + 279 = 0. Calculate the highest common factor of y and z.
25
Let l = 42 - -14. Let d be l/(-16)*40/(-14). Let f be d/65 + (-854)/(-26). What is the greatest common divisor of 3 and f?
3
Let u(w) = 341*w**3 + w + 1. Let m be u(-1). Let x = -181 - m. Calculate the greatest common factor of 20 and x.
20
Suppose 28*n + 165 = 33*n. What is the greatest common divisor of n and 88?
11
Suppose -2*l + 4*m = -204, 0 = 5*l + m + 2*m - 471. Let u = -83 + l. What is the greatest common divisor of u and 65?
13
Let p(g) = 42*g + 969. Let u be p(-23). Suppose -3*n = -3, -2*a - 4*n = a - 10. Calculate the highest common factor of u and a.
1
Suppose 6 = -l - 9. Let w = l + 18. Suppose c - 2 = -2*j, -3*c = -6*c - w*j + 6. Calculate the greatest common divisor of 12 and c.
2
Let m = 34 + -30. Suppose m*b - 206 = -3*c, -2 = 3*b + 1. Calculate the greatest common factor of c and 10.
10
Suppose 0 = -2*p - 2*c + 38, 10*p - 5*c = 5*p + 75. Suppose -3*a + 9 = 0, -15*j + 4*a = -16*j + 148. Calculate the highest common factor of p and j.
17
Suppose -7 = -2*k - 1, 0 = d - 2*k - 18. Let x be 3228/27 + 14*14/441. Calculate the greatest common factor of x and d.
24
Suppose 9 = h - 4*s - 10, 0 = 2*s + 8. Let i = -6 + h. Let d be 0/i - 3 - -18. What is the highest common factor of d and 6?
3
Suppose 5*i - 5 = 15. Calculate the highest common factor of 18 and i.
2
Let u(i) = 6*i**2 + 39*i + 18. Let r be u(-8). What is the highest common divisor of r and 900?
90
Suppose -3*v = -2*v - 2*s - 3, 4*s = -2*v - 10. Let a be 1 + v/(0 + (-2)/22). Calculate the highest common factor of a and 3.
3
Let g be -9 + (11 - (-41 + 10)). Suppose -5*w + 518 = 2*a, -5*w - 1956 = -5*a - 626. What is the highest common divisor of a and g?
33
Let f(b) = -b + 11. Let w be f(7). Suppose w*l - 18 = 98. What is the highest common divisor of l and 58?
29
Suppose 12*s - 24 = 6*s. Suppose -s + 1 = -3*i. What is the highest common factor of 7 and i?
1
Let l be (-8)/(-28) + 565/7. Let y be l/1 + 13 + -17. What is the greatest common factor of y and 7?
7
Suppose -4*g + 564 = 4*k, 5*k - 71 = -4*g + 636. Suppose k = 5*x - 232. Let c be ((-50)/(-3))/((-1)/(-3)). Calculate the greatest common divisor of c and x.
25
Suppose -t + 5*z - 41 = -5*t, -5*t + 3*z + 5 = 0. What is the greatest common divisor of 2 and t?
2
Let m be ((-2)/4)/((-2)/16). Suppose 4*c - 4*i = 4, 2*i = -3*c + m*i - 2. Let a be (2 + -1254)/c - -2. What is the greatest common factor of 35 and a?
35
Suppose -3*x + 715 = 8*x. Suppose 5*c - 138 = -2*v, c - 5*v - 22 = -4*v. What is the greatest common divisor of c and x?
13
Let g be (-44)/(-154) - 192/(-14). Let r(x) = x**3 - 7*x**2 + x - 5. Let t be r(7). Calculate the highest common divisor of g and t.
2
Suppose -12*f + 18 = -6. Suppose 3*o + 2*o - 640 = 0. Suppose -16 = f*t - o. What is the highest common divisor of 7 and t?
7
Suppose -2*y = -0 - 16. Calculate the greatest common factor of 36 and y.
4
Let f(s) = -9*s - 5*s + 11*s + 9 - 62. Let r be f(-20). What is the greatest common factor of 28 and r?
7
Let o be (80 + -78)*2*9. What is the highest common divisor of o and 228?
12
Let p = 3 - -1. Suppose p*b - 28 = -4*i, 4*i = -b + 2*b + 8. Let y be (-15)/(-9) + b/3. What is the